 when u(-3) is divided by r.
7
Let r be (3 - 0) + 165 + 3. Suppose 0 = -4*k + r + 129. What is the remainder when k is divided by 16?
11
Suppose 4*m + 1 = s, -5*s + 0*s = 3*m - 5. Let b(n) = -4*n - 11. Calculate the remainder when s is divided by b(-3).
0
Let x = 993 + -923. What is the remainder when x is divided by 5?
0
Let b(t) = -t**3 + t**2 - t + 22. Let l be b(0). Suppose -u - u = -l. What is the remainder when 21 is divided by u?
10
Let g = 1481 - 29. Suppose 0 = -4*n + 15*n - g. Calculate the remainder when n is divided by 34.
30
Let j = -114 - -241. What is the remainder when j is divided by 26?
23
Let w = -18 + 39. Let k = w - 12. Suppose 2*i - 4*s = 48, -5*i + 62 = -3*s - 86. What is the remainder when i is divided by k?
5
Let d = 2339 - 2138. What is the remainder when d is divided by 34?
31
Let n(r) = 5*r + 79. What is the remainder when 192 is divided by n(-6)?
45
Let y(z) = 6*z**2 - 57*z - 20. What is the remainder when y(12) is divided by 44?
28
Suppose 0 = -2*j - 16 + 50. Let d = -11 + 24. Suppose -7 = t - d. Calculate the remainder when j is divided by t.
5
Let f = 63 + 71. Let u = f - 124. Calculate the remainder when 27 is divided by u.
7
Let w(v) = 3*v - 2*v + v**2 + v + 8 + 8*v. Let l be w(-9). Calculate the remainder when 4 is divided by 0 + 0 + l - -3.
0
Let z(t) = -t**3 - 5*t**2 + 5*t - 6. Let d be z(-6). Suppose 0*j = 2*j + 3*v - 67, 3*v - 9 = d. What is the remainder when 142 is divided by j?
26
Suppose 0*y - 20 = -2*y. Let h(k) = -k**3 - 12*k**2 - 22*k - 18. Let l be h(-10). Suppose -3*w + l*w = -y. Calculate the remainder when 39 is divided by w.
9
Suppose -331*j = -307*j - 1728. What is the remainder when 215 is divided by j?
71
Suppose -94 = -5*h - 2*w, 0*w = -2*h + 5*w + 55. Let j(q) = q**2 - 7*q - 25. Let x be j(-9). Let p = x - 107. What is the remainder when h is divided by p?
8
Let z(l) = -3*l**3 - 10*l**2 - l - 3. What is the remainder when 559 is divided by z(-4)?
31
Let n(q) be the second derivative of q**5/20 - 11*q**4/12 - 5*q**3/3 + 9*q**2 - 32*q. What is the remainder when n(12) is divided by 5?
2
Suppose -3*y + 0*w + 2*w = -8, 4*w = -y + 12. Suppose -y*p = -5*v - 8, 3*v = -2*v. Let j = 4 - p. What is the remainder when 8 is divided by j?
0
Suppose 4*s + 154 = x, 3 = 2*s - 1. Suppose -u - x = -2*r, -2*u = r - 4*u - 87. What is the remainder when r is divided by (-50)/(-3)*12/5?
39
Let r(t) = t**3 + 3*t**2 - 15*t - 2. Let l(y) = -2*y + 11. Let k be l(8). What is the remainder when r(k) is divided by 7?
2
Suppose -2*k + 4*i - 20 = -4*k, k - 4 = 4*i. Suppose -106 = -6*q + 212. Calculate the remainder when q is divided by k.
5
Let o = -57 + 31. Let z be 26/22 - o/(-143). Calculate the remainder when ((-1)/(-2))/(z/34) is divided by 5.
2
What is the remainder when (-1 - (0 + -8)) + 489 is divided by 162?
10
Suppose -4*h = -9*h + 900. Suppose i - 2*i + h = 4*l, -2*i = -4*l + 168. Calculate the remainder when l is divided by 19.
6
Let a(i) = 4*i - 3. Let s be a(2). Suppose 9*j + s*j = 42. Calculate the remainder when 3 is divided by j.
0
Let x(o) be the third derivative of -49*o**6/120 + o**5/30 - o**4/24 - o**3/3 - 4*o**2 - 4*o. What is the remainder when x(-1) is divided by 0 - (-1)/(1/13)?
11
Calculate the remainder when 1365/20 + (5/20)/(-1) is divided by (69/6)/((-2)/(-4)).
22
Suppose q = -2*m + 56, 2*m - 5*q = -q + 56. What is the remainder when 63 is divided by m?
7
Let c be (4/(-6) - 1/3) + 2. What is the remainder when 25/(c/(-2) - -1) is divided by 14?
8
Suppose 2*t - 244 = -2*t. Suppose 5*s = 5*m - 195, 3*s - 16 = m - 57. Let d = t - m. Calculate the remainder when 91 is divided by d.
22
Suppose 0 = 2471*b - 2461*b - 110. What is the remainder when b is divided by 1?
0
Let h = -98 + -32. Let k = -118 - h. What is the remainder when k is divided by 12?
0
Suppose -b = -17*b + 64. Calculate the remainder when (-53)/(-4) - (-2)/(-8) is divided by b.
1
Suppose -4*u - 152 = 3*v - 2*u, u = -v - 51. Let x be (v/6)/((-10)/30). Let c = x + -13. Calculate the remainder when c is divided by 5.
2
Let c(b) = -b**2 - 28*b - 37. Calculate the remainder when c(-5) is divided by 47.
31
Let c be 5/2*(-5 - -7). Calculate the remainder when 49 is divided by (c + -15)/(-5) + 13.
4
Suppose 0 = -6*i + 220 + 98. What is the remainder when i is divided by 34?
19
Suppose 4*g - 13 = n, -4 - 15 = n + 2*g. Let k be (4/(-3))/(n/357). Suppose 2*x = k + 66. What is the remainder when x is divided by 12?
11
What is the remainder when 271 is divided by 56/(-42) + (280/12 - 2)?
11
Let n = -2 + 4. Suppose 5*j - 23 = n*t, 5*j - t - 19 + 0 = 0. What is the remainder when 8 is divided by j?
2
Let g = 58 - 112. Let v = g - -73. What is the remainder when v is divided by 5?
4
Suppose -5*h + a + 30 + 865 = 0, 0 = -4*a. What is the remainder when h is divided by 20?
19
Let b = 681 - 677. Suppose 4*o = 5*o - 5. Calculate the remainder when o is divided by b.
1
Let f be 2/10 - (-15192)/(-60). Calculate the remainder when (-2)/11 - 2070/f is divided by 3.
2
Let b be 1*13 + -7 + 9. Calculate the remainder when 348/b + (-2)/10 is divided by 5 - -3*3/3.
7
Let f be (-619)/9 + ((-114)/27 - -4). Let z = -41 - f. Calculate the remainder when 42 is divided by z.
14
Let u = 338 - 283. Calculate the remainder when 147 is divided by u.
37
Let h = -118 - -151. What is the remainder when 86 is divided by h?
20
Let j(d) = 3*d - 2. Let w be j(-2). Let n = w + 81. Let v = 10 + n. What is the remainder when v is divided by 28?
27
Let s(f) = -f**3 - 3*f**2 + 6*f + 2. Let o be s(-4). Let y = 7 - o. What is the remainder when 51 is divided by y?
12
Suppose 190 = 6*s - 170. Calculate the remainder when s is divided by (-105)/10*2/(-1).
18
Let x be 3 + 151 + 1/(2/(-6)). Let v = x - 93. What is the remainder when v is divided by 16?
10
Suppose 475 = 6*b + 295. What is the remainder when 131 is divided by b?
11
Let t(h) be the second derivative of -h**5/20 + h**4/6 + 5*h**3/3 - 5*h**2/2 - 26*h. What is the remainder when t(-4) is divided by 13?
12
Suppose -3*c - 2*v = v - 15, 3*c = -2*v + 18. Let s = 39 - c. Suppose -5*q + 45 = 4*f + f, 31 = 4*f - q. What is the remainder when s is divided by f?
7
Suppose 2*v - 66 = 2*r, -v = 2*r + 18 - 36. Calculate the remainder when v is divided by (-426)/(-27) + 4/18.
12
Let r(l) = l**2 + 9*l - 34. Calculate the remainder when 172 is divided by r(-13).
10
What is the remainder when 321 is divided by ((-3040)/7)/(-8) - (-4)/(-14)?
51
Let g(p) = -2*p + 19. Let t = -3 - -5. Suppose -3*b - 4*d = 7, b + 3*b = t*d + 20. Calculate the remainder when g(6) is divided by b.
1
Let z(a) = -6*a**3 + 57*a**2 - 23*a + 15. Let x(c) = 20*c. What is the remainder when z(9) is divided by x(1)?
11
Suppose -3*q - 3*s + 1 = q, 40 = 5*q - 4*s. Let x be ((-10)/q)/((-6)/(-36)). Calculate the remainder when 47 is divided by (-2)/(-5) - 174/x.
11
Suppose -p + 3*n - 24 = 2*p, 5*n = 20. Suppose 0 = -2*h - 1 + 15. Calculate the remainder when (-15)/(p/(-16) + -1) is divided by h.
6
Let r be (-56)/(-30) + 4/30. Suppose 3*o - 3*v - 18 = -r*v, 24 = 4*o - v. Calculate the remainder when 15 is divided by o.
3
Let p be (-14 - -1) + 6/2. Let s = p - -83. Calculate the remainder when s is divided by 19.
16
Suppose -11*n - 195 = -16*n - 5*a, 2*n = 3*a + 68. Calculate the remainder when 140 is divided by n.
29
Suppose 0 = -67*v + 60*v + 126. Let w = 9 - -22. What is the remainder when w is divided by v?
13
Let a = -187 + 347. Suppose b = 5*u - 15, -10 = -u - b - 1. Suppose 0*x = 3*o + u*x - 238, 3*x - a = -2*o. Calculate the remainder when o is divided by 25.
24
Suppose 5*w - 2*w = 9. Suppose -102 = -10*k + 4*k. Suppose 7*p - 4 - k = 0. What is the remainder when w is divided by p?
0
Suppose -3*y + 134*b = 139*b - 1743, -y = 2*b - 581. Calculate the remainder when y is divided by 39.
35
Suppose i + 3*i - 420 = 0. What is the remainder when i is divided by (-30)/(-45)*(-1 + 55)?
33
Suppose -513 = 2*a - 29*a. Let x = 63 - 8. Calculate the remainder when x is divided by a.
17
Suppose -2*u - 4320 = 6*u. What is the remainder when (-5 - -3)/(8/u) is divided by 34?
33
Calculate the remainder when 2/3 + 365/15 is divided by 3.
1
Let a = -745 - -798. Calculate the remainder when a is divided by (6/(-4))/((-6)/56).
11
Let w be (-5 - -4)/(1/(-3)). What is the remainder when